ctors of z(l)?
2, 3
Let q(l) = -2*l. Let p be q(-2). List the prime factors of (-2 + -1 + p)*-4 - -37.
3, 11
Let b(t) = -3*t - 13. Let x(z) = -3*z - 13. Let y(m) = 2*b(m) - 3*x(m). Suppose -4*u = -4*h + 40, 2*h + 7*u = 3*u + 26. List the prime factors of y(h).
2, 23
Let h be (-16 - -14) + -2 + (0 - -5). Let o be ((-66)/4)/(-3)*2. Suppose h - o = -5*i. List the prime factors of i.
2
Suppose 205*y - 3944 = 203*y. List the prime factors of y.
2, 17, 29
Let c = 55 + -27. What are the prime factors of c?
2, 7
Let t = 1978 - 1063. List the prime factors of t.
3, 5, 61
Let p = -1 - -3. Suppose 0 = -5*n - p - 3. List the prime factors of n/(2 + 588/(-292)).
73
Let h be -45*(-1 + 1 + -1). Suppose 5*i + 174 = 4*r - h, -2*i + 170 = 3*r. List the prime factors of r + (2 - 2) + -1.
5, 11
Let p be (-17)/((-68)/16) + 40 + 0. Suppose 18*f - p = 14*f. What are the prime factors of f?
11
Suppose -8 = -f - f. Suppose -w + 0 + 1 = 5*k, -2*k = -2*w + 2. Suppose -f*y + 113 - 1 = k. What are the prime factors of y?
2, 7
Let o(l) = -15*l - 41. Let h(j) = -7*j - 21. Let p(v) = -5*h(v) + 3*o(v). List the prime factors of p(-10).
2, 41
Suppose -3*j + 1751 = -5*i, -2*i = -5*j - 5*i + 2907. List the prime factors of j.
2, 3, 97
Suppose 2582 + 2348 = 10*x. List the prime factors of x.
17, 29
Suppose -c + 2047 = -4*i, 0 = -8*i + 9*i + 4. What are the prime factors of c?
3, 677
Let x(j) = 6 + j - 1 + 1 - 2. Let a be x(0). Suppose 0 = -p + a*h + 22, 4*p + 2*h - 88 = 54. What are the prime factors of p?
2, 17
Let g = 62 - 56. What are the prime factors of (-76)/(-28) + g/21 - -121?
2, 31
Let f(l) = 19*l**3 - 4*l**2 - 9*l - 2. What are the prime factors of f(4)?
2, 557
Let k(t) = -t**2 - 7*t - 7. Let x be k(-6). Let d be (3 - 3 - x)*-25. Let c = 47 + d. What are the prime factors of c?
2, 11
Let l be 4/((-64)/(-36) - 2). Let k = l + 14. What are the prime factors of (12/(-9))/(k/102)?
2, 17
Let z = -27 + 33. Suppose 0 = p + 1 + z. Let o = p + 24. What are the prime factors of o?
17
Let m be 18/5*(-25)/(-10). Suppose -14*z = -m*z - 135. Let j = -9 + z. List the prime factors of j.
2, 3
Suppose 112 = 5*l + 57. Let j(z) = 2*z**2 - 10*z + 10. What are the prime factors of j(l)?
2, 71
Let c be ((-4)/7)/(-2) + (-2500)/28. Let q = 161 + c. What are the prime factors of q?
2, 3
Let r(o) = o**3 - 3*o**2 - 3*o + 2. Let p be r(5). Let y be -23 + (-1 + 2 - -2). Let n = y + p. List the prime factors of n.
17
Let q = 629 - -609. What are the prime factors of q?
2, 619
Let x = 60 - 20. Suppose 0*o = 4*o - x. List the prime factors of o.
2, 5
Suppose 5*z - 9 - 1 = 0. Suppose z*k = 4*k. Suppose 3*d - 4*v - 18 = k, -5*d - v + 5 = -d. What are the prime factors of d?
2
Let l = 5963 + -3800. List the prime factors of l.
3, 7, 103
Let w(i) = 1 + 0*i**3 + i**3 + 5 - 4*i - 1 + 4*i**2. Let v be w(-5). Suppose 0 = -2*z + 4*k + 142, -2*z - z - k + 199 = v. What are the prime factors of z?
67
List the prime factors of 1*-46*(-5 + (-30)/4).
5, 23
Let g = 29 - 24. Suppose -k + g = 3. Suppose -5*q + b = 2*b - 243, -k*b = 3*q - 143. What are the prime factors of q?
7
Suppose 12*h + 580 = 16*h. What are the prime factors of (-76)/418 - h/(-11)?
13
Suppose 849 = -6*p + 9*p. Let k = -148 + p. What are the prime factors of k?
3, 5
Let i = -66 - -683. List the prime factors of i.
617
Suppose -5520 = -26*z + 21*z. List the prime factors of z.
2, 3, 23
Let u = -278 + 687. List the prime factors of u.
409
Suppose 25*h - 5 = 120. Suppose a - 6*f + 2*f = 164, -4*f - 16 = 0. Suppose -n - 4*n - 131 = -4*q, -h*q = -n - a. What are the prime factors of q?
29
Suppose -3*m + 310 + 791 = y, -y + 1119 = -3*m. What are the prime factors of y?
2, 3, 5, 37
Let n(d) = -d**2 + d + 2. Let p be n(3). Let t be 7*(-2*4)/p. Suppose 74 = 3*q + t. What are the prime factors of q?
2, 5
Let w = -857 + 1244. List the prime factors of w.
3, 43
Let d(q) = -q**3 + 9*q**2 - 5*q - 19. Let i be d(8). Suppose 9*m - 1160 = i*m. List the prime factors of m.
2, 5, 29
Let v(n) = -n**3 - 18*n**2 + 17*n. Let b be v(-19). Suppose s + 3*g + 0 - 21 = 0, 2*s + 5*g = b. List the prime factors of s.
3
Suppose -382 = -4*s - 5*t, 0 = 2*s - 0*s + 2*t - 190. Let j = -56 + s. What are the prime factors of j?
37
Suppose h + 4 = 22. Let k = h + -12. Let g(j) = 2*j**2 - 5*j - 8. What are the prime factors of g(k)?
2, 17
Suppose 605 = 2*s + 3*s - 2*g, 2*g = -10. Let v = -79 + s. List the prime factors of v.
2, 5
Suppose 44 - 2 = 3*o. Let l(q) = 3*q - o + 9 - 3*q - 4*q. List the prime factors of l(-6).
19
Suppose -12*d + 7*d = -3*v, -3*d = -5*v. Suppose v = -f + 114 + 38. List the prime factors of f.
2, 19
Let i be (2/(-4))/(-1*4/136). Suppose -i*k + 996 = -11*k. What are the prime factors of k?
2, 83
Suppose v + 3*p = -99, 0 = 3*v + 3*p - 14 + 305. Let q = v - -161. What are the prime factors of q?
5, 13
Suppose 162 = 11*j - 17*j. List the prime factors of 193/9 - (-12)/j.
3, 7
What are the prime factors of ((-13155)/6)/(40/(-32))?
2, 877
Let o(j) = j**3 + 6*j**2 - 9*j - 7. Let q be (-8 + 6)/((-1)/2). Let g be q/(2/12*-4). What are the prime factors of o(g)?
47
Suppose 0 = 5*f - 8 - 27. Suppose 17 = -4*d - f. List the prime factors of 951/15 - d/10.
2
Suppose -20 = -3*w - w. Suppose 3*c - 23 - 115 = 4*x, 201 = w*c + 3*x. Let d = 62 - c. List the prime factors of d.
2, 5
Let t be ((-11)/(-22))/(1/10). Suppose -10 = 2*o, 0 = 2*i - 0*i + 5*o + 25. Suppose i = -t*k + 81 + 104. What are the prime factors of k?
37
Let g = 305 + -228. List the prime factors of g.
7, 11
Let s(y) = 84*y - 584. List the prime factors of s(8).
2, 11
Suppose -51 = f - g - 329, -5*f + 1400 = 5*g. List the prime factors of f.
3, 31
Suppose k - 7 = -g, -26 = -2*g - 2*g - 2*k. List the prime factors of ((-1)/(-2))/(g/696).
2, 29
Let g(m) = 115*m**2 - 4*m + 10. What are the prime factors of g(4)?
2, 7, 131
What are the prime factors of (-832)/(-78)*426/4?
2, 71
Suppose 4*g = -4*c + 2160, 3*g = -2*g + 5*c + 2750. Suppose 10*v = 15*v + g. What are the prime factors of (2 - v)*(-13)/(-39)?
37
Suppose 2*g + 4*f = 1258, -1877 = -0*g - 3*g - f. Suppose 4*z + g = 9*z. What are the prime factors of z?
5
Let y(j) = j**3 - 12*j**2 + 11*j + 7. Suppose 3*g - 99 = -2*p, 0*g - 132 = -4*g - p. Suppose g = 2*n + n. What are the prime factors of y(n)?
7
Let o(a) = -a**2 + 15*a - 11. Let p be o(15). Let d(f) = 2*f**2 + 10*f + 3. List the prime factors of d(p).
3, 5
Let g = 1651 - 772. List the prime factors of g.
3, 293
Suppose 0 = -0*s - 2*s + 16. List the prime factors of 0/s + 162 - 1*2.
2, 5
Let b be (24/(-4))/3 + 7. Suppose -3*k + 122 = 5*p, 5*k + b*p - 120 - 100 = 0. List the prime factors of k.
7
Let h(v) = 2*v**2 + 211. Let i be h(0). What are the prime factors of (-16)/(-20) - i/(-5)?
43
Suppose 3*x = 4*x - 5. What are the prime factors of (-12 + 1)*(5 + x)/(-1)?
2, 5, 11
Let d = -69 - -87. Suppose -d*g + 14*g = -844. List the prime factors of g.
211
Let m = -15 + 17. What are the prime factors of (-3 - -8)/(-5) + (m - -170)?
3, 19
Suppose 0 = -4*w + 5*c + 11123, 18*w - 23*w + 13870 = 5*c. What are the prime factors of w?
2777
Let k = -129 - -53. Let o = 87 - k. List the prime factors of o/5 + (-22)/(-55).
3, 11
Let k(q) be the first derivative of 2 - q + 1/2*q**2. List the prime factors of k(3).
2
Let a = 297 - 910. Let y = -368 - a. What are the prime factors of y?
5, 7
Let k(c) = 5*c**3 - 5*c**2 - c + 8. Let a be k(-4). Let z = 551 + a. What are the prime factors of z?
163
Suppose 10 = h - 5*j, 8 = 6*h - 4*h + 2*j. Suppose 0 = -4*i + h*i - 76. What are the prime factors of i?
2, 19
Suppose 50*x - 29231 = 8869. What are the prime factors of x?
2, 3, 127
Let x = 24 + 12. Suppose 5*v + b = 150 - x, -b - 18 = -v. What are the prime factors of v?
2, 11
Let l = 232 + -87. Suppose 3*k - 4*k = -l. What are the prime factors of k?
5, 29
Let f = 17 + -11. Let o(v) be the first derivative of v**4/4 - v**3 - 7*v**2/2 - 12*v + 29. What are the prime factors of o(f)?
2, 3
Let h = 29 - -26. Let c = h + -5. What are the prime factors of c?
2, 5
Let t(m) = 267*m**3 + m**2 + m. List the prime factors of t(2).
2, 3, 7, 17
Let t(y) = -2*y**3 + 2*y**2 + 7*y - 3. What are the prime factors of t(-3)?
2, 3
List the prime factors of 368 + -7 + -6 - (3 + -1).
353
Suppose 19*y = 15*y + 20. Suppose 8 = 3*b - 2*b - y*r, -5*r + 18 